ulate the remainder when l(5) is divided by 5.
2
Let k(a) = 2*a**2 - 4*a**2 - 6*a - 2 + 3*a**2 - 9. Calculate the remainder when 19 is divided by k(8).
4
Suppose 0 = -3*i + 5*a + 46, i - 3*a - 22 = 2*a. Calculate the remainder when 33 is divided by i.
9
Let r(k) = 33*k**2 - k. Suppose 48 + 54 = 6*o. What is the remainder when r(1) is divided by o?
15
Suppose 4*p - 8 = p + 2*x, p + 4*x = 12. Let k(v) = 3*v + 5. Calculate the remainder when k(3) is divided by p.
2
Let l = 6 + 2. Calculate the remainder when 28 is divided by l*(30/(-8))/(-3).
8
Suppose 5*g + 3*n = 0, -n - 13 = -4*g - 6*n. Suppose 2*l = -4 + 22. What is the remainder when g/(l/6) - -19 is divided by 9?
8
Let j = -11 - -19. Let r = 4 - 2. Suppose r*p = 3*p - 23. Calculate the remainder when p is divided by j.
7
Let j(d) = 2*d**3 - d. Let m be j(2). Let l = m + -8. Calculate the remainder when l is divided by (3 - 1 - -2) + 0.
2
Let j(u) = -u**2 - 20*u - 19. Calculate the remainder when 88 is divided by j(-16).
43
Let f(j) = -8*j**3 + j**2 + 2*j + 1. Calculate the remainder when 23 is divided by f(-1).
7
Suppose -2*q - f + 194 = 0, -2*q + f + 91 = -q. Calculate the remainder when q is divided by 25.
20
Let z(p) = p - 3. Let o be z(3). Suppose -3*u - 11 + 107 = o. Suppose 3*d + 5 = u. Calculate the remainder when 26 is divided by d.
8
Let s(d) = d**3 + 5*d**2 - d - 3. Let b be (2/5)/((-1)/10). What is the remainder when 3/(-5) - (-326)/10 is divided by s(b)?
15
Let k(z) = 2*z**2 - 27*z - 10. Calculate the remainder when k(14) is divided by 2.
0
Let f = -6 + 9. Let i be (0 - f)*(-14)/6. Suppose 5*g - 67 + i = 0. Calculate the remainder when 35 is divided by g.
11
Let i = 105 + -70. Suppose -2*b - 8 = s, -20 = -b + 5*b. Suppose 4*o - 30 = -s*v + 24, -o = -4*v. What is the remainder when i is divided by o?
11
Let f(n) be the first derivative of -3/2*n**2 + 1 - 2*n + 1/4*n**4 + n**3. Calculate the remainder when 26 is divided by f(-3).
5
Let o(k) = 2*k**2 + 18*k + 13. Let m(q) = 18*q - 4. What is the remainder when m(3) is divided by o(-9)?
11
Suppose -m - 18 = -0*m + 4*u, -4*m - 2*u = 58. What is the remainder when 32/3 + 2/(-3) is divided by -7*(26/m - -1)?
4
Suppose -6*c = -c - 40. What is the remainder when 75 is divided by ((-38)/c)/((-1)/4)?
18
Let z = 7 - 1. Suppose -2*a = -0*a - z. Calculate the remainder when 1 - (-36)/a - 2 is divided by 4.
3
Let n = -12 - -28. Let i = 75 - n. Calculate the remainder when i is divided by 30.
29
Suppose -3*z - 2*y = 0, 0 = -0*y + 5*y + 15. Suppose 0*o - z*o = -6. What is the remainder when o is divided by 2?
1
Suppose 65 = 5*f + 2*l - 3, 3*f - 5*l = 47. What is the remainder when f is divided by 3?
2
Let p = -21 - -85. Suppose -4*r = -4*s + 64, s + 0 - 46 = -5*r. What is the remainder when p is divided by s - (2 - 0)/(-2)?
20
Let h be (-1 - -1)*(-1 + 0). Let d = 1 + h. Suppose 0 = -4*n + 5*c + 8, -2*n + 10 = 3*n - 4*c. What is the remainder when n is divided by d?
0
Let g = -28 - -47. What is the remainder when g is divided by 5?
4
Let u(r) = -r**3 - 18*r**2 + 16*r + 6. What is the remainder when u(-19) is divided by 13?
11
Suppose -6 - 10 = -4*y. Suppose 5*t - y = 4*t, 4*o = 3*t. Suppose 13 + 16 = o*k - s, 4*s = 4*k - 52. What is the remainder when 23 is divided by k?
7
Let f be (2 - 3) + (-2)/(-2). Suppose f = -k - 2*m + 8 + 61, 0 = 2*k - m - 118. Calculate the remainder when k is divided by 21.
19
Let p(r) be the third derivative of -3*r**4/8 + r**3 + r**2. Calculate the remainder when p(-5) is divided by 18.
15
Let z(n) = 2*n - 3. Let j be z(2). Let l = 0 - j. Let a = l - -12. What is the remainder when 43 is divided by a?
10
Let x be -1*(-3 - -3) + -6. Let d = x + 10. Let w = 19 + -12. What is the remainder when w is divided by d?
3
Suppose t + 0*t = 6. Let z = t - -2. Let o(w) = -w**3 + 8*w**2 - 9*w + 5. Calculate the remainder when o(6) is divided by z.
7
What is the remainder when 53 is divided by (280/30)/((-4)/(-6))?
11
Let u be -3*1 + (-15)/(-5). Suppose u = 5*r + p - 60, 0 = 4*r + p - 3*p - 48. Calculate the remainder when 23 is divided by r.
11
Let j(z) = 1 - z + 2*z - 2 - 4. What is the remainder when 11 is divided by j(9)?
3
Let h(o) = -12*o - 23. Calculate the remainder when h(-10) is divided by 10.
7
Let w(i) = -i. Let o(c) = -c**2 - 11*c - 5. Let t(d) = -o(d) + 4*w(d). Let j be t(-6). Let u(h) = -11*h. What is the remainder when 32 is divided by u(j)?
10
Let u = 41 - 15. What is the remainder when u is divided by 15?
11
Let o(f) = 6*f. Let p = -4 - -9. Calculate the remainder when o(p) is divided by (-94)/(-6) - 4/(-12).
14
What is the remainder when (-14)/(-49) + 234/14 is divided by 9?
8
Let o(g) = 22*g**2 + 2*g + 1. Let n(u) = 4 - 3 + 4 - u. Let h be n(6). Calculate the remainder when o(h) is divided by 11.
10
Suppose 0 = 4*a - 7*a + 6. Let b be 2/(a*3/6). Suppose -77 = -b*m - 3*k, 0 = 3*k - 2*k - 3. Calculate the remainder when m is divided by 12.
10
Suppose 2*x = 6 - 32. What is the remainder when 51 is divided by (0 + x)*(-1)/1?
12
Let y(r) = r**2 - r - 5. Let o be y(0). Let j(f) = f**2 - 2*f - 2. What is the remainder when j(-5) is divided by (-46)/o - (-2)/(-10)?
6
Let b = 3 + 16. Suppose 5*n - 27 = -0*h - 4*h, -h = 5*n - 33. Calculate the remainder when b is divided by n.
5
Suppose 2 = 2*v - 2. Let k(l) = l**3 - l**2 + l + 18. Let i be k(0). What is the remainder when v is divided by 2/(-8) + i/8?
0
Suppose -2*x - 11 - 13 = 0. Let s = x - -17. What is the remainder when s is divided by 4?
1
Let i(b) = 2*b**2 - 5*b - 12. What is the remainder when 61 is divided by i(5)?
9
Suppose -3*i = 2*f - 5*f + 66, f + 2*i - 19 = 0. Calculate the remainder when 45 is divided by (36/f)/((-1)/(-7)).
9
Suppose 27 + 205 = 4*b. What is the remainder when b is divided by 20?
18
Suppose -k + 0 = -28. Suppose -80 = -4*q - k. What is the remainder when 24 is divided by q?
11
Suppose 3*a + 7 = 2*f, -3*f + 3*a + 3 + 0 = 0. Let x = 3 - f. What is the remainder when x is divided by 2?
1
Suppose 0 = -5*l + 2*s + 28, 2*s - 13 = -3*l + 7. Calculate the remainder when 16 is divided by l.
4
Suppose 3*l - 8*l = -110. Calculate the remainder when l is divided by 5.
2
Suppose 4*i = -4 + 144. Calculate the remainder when i is divided by 19.
16
Suppose -3*h + 3*n + 21 = 0, -4*h + 60 = 4*n - 0*n. What is the remainder when 9/(-6) - (-107)/2 is divided by h?
8
Suppose -50*y + 51*y - 29 = 0. Let w(h) = h**2 - 2*h. Calculate the remainder when y is divided by w(-3).
14
Calculate the remainder when 3/5*(-3 - 2)*-23 is divided by 18.
15
Let h(z) = 2*z**3 - 4*z**2 - 2*z + 2. Let r be 4/(-14) + 30/7. Let k be h(r). Let m = -34 + k. What is the remainder when m is divided by 13?
11
Let v(q) = -q**3 + 21*q**2 - 17*q - 33. Calculate the remainder when v(20) is divided by 7.
6
Let w(n) = n**3 + 10*n**2 + 11*n + 11. Suppose 5*i = -2*p + 3*i + 44, -2*i - 28 = -2*p. Calculate the remainder when w(-8) is divided by p.
15
Suppose 5*m - 19 = 31. Suppose 3*c - 58 = c + 4*o, 0 = 2*c - 2*o - 58. Calculate the remainder when c is divided by m.
9
What is the remainder when 19 is divided by (-3)/(-1) - (-8)/2?
5
Calculate the remainder when 72 is divided by (-1 + 1 - -12) + 3.
12
Suppose -x = -4*x + 3. Calculate the remainder when 14 is divided by 2 - x - (5 - 12).
6
Let q(h) = h**2 + 9*h + 15. Calculate the remainder when q(-12) is divided by 0 + (15 - (-2)/(-1)).
12
Let u = 19 - 7. Suppose s - u - 3 = 0. What is the remainder when 42 is divided by s?
12
Let n = 366 - 214. Calculate the remainder when n is divided by 41.
29
Let m(p) = 4*p**2 + 12*p - 17. What is the remainder when m(-7) is divided by 14?
11
Suppose -4*n + 6*n = 92. Suppose -3*x = -5*x + n. Suppose -a + 4*d + 4 = 0, -4*d - 15 = -3*a + 5. What is the remainder when x is divided by a?
7
Suppose 5*p + 3*b - 37 = 0, 8 = 4*p + 2*b - 20. What is the remainder when ((-8)/(-5))/(2/15) is divided by p?
2
Suppose 336 = 4*j + 64. Calculate the remainder when j is divided by 18.
14
Calculate the remainder when ((-60)/5)/(3/(-6)) is divided by 9.
6
Let r = -6 - -4. Let l(a) = -2*a - 2. Let y be l(r). Suppose -y*z = z - 78. Calculate the remainder when z is divided by 14.
12
Let h = -5 + 25. Calculate the remainder when 31 is divided by h.
11
Let k be ((-4)/10)/(3/(-270)). Let z = k - 22. What is the remainder when 25 is